t m(n) = -n**3 + n + 6. Let z be m(0). Suppose 6*v - 4*v + z = 0. List the prime factors of (-76)/(-3) - (-1)/v.
5
Let t(f) = f**2 + 6*f - 14. Let d = -30 - -20. What are the prime factors of t(d)?
2, 13
Let k(f) = 8*f**2 + 9*f + 13. Let i be k(-4). Suppose -2*u + i = 29. What are the prime factors of u?
2, 19
Let d = 2226 + 391. List the prime factors of d.
2617
Let r(n) = -352*n - 308. What are the prime factors of r(-6)?
2, 11, 41
List the prime factors of 297/((-2)/(-3)*(-117)/(-52)).
2, 3, 11
Suppose -n - 2*n - 28 = -2*j, 0 = 5*n + 2*j + 52. What are the prime factors of (-158)/(5/(n/4))?
79
Suppose -23*j - 62 - 7 = 0. Suppose -5*f = -4*f - 6. What are the prime factors of 2 + f + (-6)/j?
2, 5
What are the prime factors of (-6)/1*(-8680)/21?
2, 5, 31
Let c be ((-2)/4)/(8/(-32)). Suppose 0 = 3*g - c*g - 18. List the prime factors of 5*3*6/g.
5
Let x = 443 + -630. Let i be x*1/(3/6). What are the prime factors of (-18)/(-63) + i/(-14)?
3
Let y = -80 - -147. Let o = y + -45. What are the prime factors of o?
2, 11
Suppose -6*z + 8872 = -2*z - 4*y, -z = -2*y - 2222. What are the prime factors of z?
2, 3, 41
Suppose 3*o + 6*t + 20 = 2*t, -5*t = o + 25. Suppose o = -4*s + 3*q + 352, -4*q = -s + 6*s - 471. List the prime factors of s.
7, 13
Let c be -1 + (-7)/(28/(-16)). List the prime factors of (-44)/12 + c - (-1599)/9.
3, 59
Suppose -78*j + 76822 = -37058. What are the prime factors of j?
2, 5, 73
Suppose 8*x - 18 = -x. Suppose -117 = -x*a - t + 210, 0 = -a - 3*t + 161. List the prime factors of a.
2, 41
Let l be -12 - -9 - (-7 + 1). Suppose -b + l = -0*b. List the prime factors of b.
3
Suppose -196 = -f - 3*p, 3*f + 13 = -3*p + 607. Suppose c - 2*v + 32 = 2*c, -5*c = -3*v - f. List the prime factors of c.
2, 19
What are the prime factors of -3 + (-54420)/(-50)*10/3?
5, 29
Let p = 8 - 7. Let f(z) = 0*z**2 + 3*z**2 + 2 + p + 5*z. List the prime factors of f(-3).
3, 5
Suppose -2175 = 5*n - 5*i, 4*n + 1725 = i - 2*i. Let o = 627 + n. List the prime factors of o.
3, 5, 13
Suppose 0*f + f + 7 = 0. Let c(o) = -o**2 - 8*o - 8. Let s be c(f). Let m(x) = -2*x + 1. What are the prime factors of m(s)?
3
Let q = 42 + -69. What are the prime factors of ((-58)/(-3))/(1 + 21/q)?
3, 29
Suppose -2*p + 3*p - 512 = -4*m, -128 = -m - 4*p. Suppose w + 3*t - 16 = 0, 0 = 24*w - 20*w - t - 25. Suppose -m = -w*s + 3*s. List the prime factors of s.
2
Let p = 741 + -434. What are the prime factors of p?
307
Suppose 26*a - 25218 = -a. What are the prime factors of a?
2, 467
Suppose -b = -21 - 1. Suppose i = b + 55. What are the prime factors of i?
7, 11
Let g(s) = -2*s**3 - 15*s**2 - 28*s - 17. List the prime factors of g(-10).
7, 109
Suppose 0 = 5*z + k - 52, 5*k - 3*k - 54 = -5*z. Suppose -7*m = -z*m + 306. List the prime factors of m.
2, 3, 17
Suppose 0*g - 8 = -4*g. Suppose 0*j = 5*j - w - 602, g*j - 2*w = 236. Suppose -4*q = -3*r + 163, 4*r - q = j + 118. List the prime factors of r.
61
Let a(o) = o**2 + 4*o + 12. Let g = -2 - -5. Suppose 2*h - g*k + 12 = 0, -4*h + 9 - 33 = 5*k. What are the prime factors of a(h)?
2, 3
Let u(d) = -11*d + 2. Let z be u(2). Let b be (5/z)/((-1)/(-4)). List the prime factors of 42 + b - (1 + -1).
41
Let q be (6/15)/((-4)/(-40)). Suppose -2*l - 24 = -0*l + 2*h, -l = q*h + 27. Let j = 0 - l. What are the prime factors of j?
7
Suppose t + 1132 = y - 231, 3*y - 4097 = 5*t. What are the prime factors of y?
3, 151
Suppose 2*p - 30 = -5*k, -4*k = -2*p - 0*k + 12. Suppose -n = -3*n + p. Let r = n - -3. What are the prime factors of r?
2
Let v = 32 + -30. Suppose -2*s - 5*x = -111, -v*s + 40 = 4*x - 74. List the prime factors of s.
3, 7
List the prime factors of (-112)/10*(-700)/40.
2, 7
Let t(l) = -l**3 + 13*l**2 - 7*l + 19. Let i be t(11). Suppose -3*x + 7*x = i. List the prime factors of x.
2, 23
Let q = 82 - 78. What are the prime factors of 2 + 165 + q + 16/(-4)?
167
Let b(l) = -l**2 + 44*l - 26. List the prime factors of b(31).
13, 29
Suppose -3*h + 1013 = u, 0 = -19*h + 17*h. List the prime factors of u.
1013
Let z be 3/(-15) + 655/25. Suppose z = 5*n - 124. What are the prime factors of n?
2, 3, 5
Let r(k) = k**3 - 5*k**2 - 3*k + 9. Let s be r(5). Let m be 4 + -12*4/s. Suppose -2*t - m = -4*t. List the prime factors of t.
2, 3
Suppose 278 = 10*q - 2172. List the prime factors of q.
5, 7
Let n be (-8 - -7) + (0 + 3)/3. List the prime factors of n - 3 - 168/(-3).
53
Suppose w = 3*t, 5*w - 32 = w - 4*t. Suppose w = -2*b + 34. Suppose g + b = 2*g. What are the prime factors of g?
2, 7
Suppose -23*w + 2*d + 1098 = -19*w, 4*w + 3*d = 1093. What are the prime factors of w?
2, 137
Suppose 4 = -48*v + 50*v, 2*v - 3648 = -2*x. List the prime factors of x.
2, 911
Let b(s) = 7*s**2 - 15*s + 9. What are the prime factors of b(6)?
3, 19
Let h(c) = 4*c**2 - c + 3. Let m be h(-8). Suppose -11*i + m = -10*i. What are the prime factors of i?
3, 89
Suppose 42*g = 12501 + 62301. List the prime factors of g.
13, 137
Suppose -3*x - 5*g + 215 = 0, 2*x - 2*g - 125 = 29. Let z = 126 - x. What are the prime factors of z?
3, 17
Suppose -3*t + 53 = 4*x, t - 66 = -t + 5*x. Let l = t + 2. Suppose -4*p = 3*z - 87, 0*p + p + 4*z = l. What are the prime factors of p?
3, 7
What are the prime factors of (-4)/(-6) - (-3090)/90?
5, 7
Let w = -8 - -11. Suppose 2*s - 119 = w*a, 60 = 5*s - 4*s - 2*a. List the prime factors of s.
2, 29
Let a be (-45)/15 + (0 - -26). Suppose a + 28 = o. List the prime factors of o.
3, 17
Let s = 233 + 425. What are the prime factors of s?
2, 7, 47
Let d(s) = -5*s + 7. Let p be d(2). What are the prime factors of (-819)/(-28) + p/(-4)?
2, 3, 5
Suppose x - 3*x = -12. Let h = x - 4. Suppose h*a = -a + 24. List the prime factors of a.
2
Suppose -22 = -4*g - 2*b, 5*g - 2*b - 13 = 2*g. Suppose -82 = -g*l + 3. Let f = l - 13. What are the prime factors of f?
2
Suppose -2*g - 1566 = -2*m, -m - 3*g = -5*m + 3132. What are the prime factors of m?
3, 29
Let w = -1382 - -1505. What are the prime factors of w?
3, 41
Let a be (-2)/(-3 - 40/(-15)). Let n = 13 - a. List the prime factors of n.
7
Let a = -65 + 65. Suppose 2*v - 9 + 1 = a, -416 = -4*c - v. What are the prime factors of c?
103
Suppose -5*y + 5*d = d - 7280, 0 = -2*y + 3*d + 2905. List the prime factors of y.
2, 5, 73
Let g = 1469 + -767. What are the prime factors of g?
2, 3, 13
Suppose -3*v = -120 - 189. Let y be v/3 - 1/3. Suppose 0 = -5*j + 101 + y. What are the prime factors of j?
3
Let g(q) = q**3 + 3*q**2 + 2*q + 11. Let f be g(-3). Suppose 8*c = -2*a + 7*c + 366, -3*a = f*c - 535. List the prime factors of a.
5, 37
Suppose 422*a = 439*a - 45305. List the prime factors of a.
5, 13, 41
Suppose 4*f - 563 = 2025. What are the prime factors of f?
647
Let v(z) = -11*z**3 - z. Let l be v(1). Let p be ((-8)/l)/(2/(-6)). Let g(h) = -10*h - 2. What are the prime factors of g(p)?
2, 3
Let c(q) = -3*q**3 - 17*q**2 - 10. What are the prime factors of c(-8)?
2, 3, 73
Suppose -4501 = 12*v - 31309. List the prime factors of v.
2, 1117
Let k(p) = -p + 33. Let d be k(0). Suppose f - d = -2*z, 2*z = 3*f - 5*f + 70. List the prime factors of f.
37
Let b = -1323 - -469. List the prime factors of 2/3 - b/6.
11, 13
Suppose 0 = -3*g + 68 + 106. What are the prime factors of g?
2, 29
Let y(i) = 12*i**3 - i**2 + 5. What are the prime factors of y(3)?
2, 5
Suppose 0 = -2*a + 322 + 140. List the prime factors of a.
3, 7, 11
Let l = 45 - 29. What are the prime factors of (-66)/(-14) - l/(-56)?
5
Suppose 104 = 6*n + 2*n. Let g be (-212)/(-7) - 2/7. Let m = g - n. What are the prime factors of m?
17
Let v(i) = 5*i + 12. Let j be v(-5). Let s = -11 - j. Let a = s - -5. List the prime factors of a.
7
Suppose 106 = 5*j - 94. List the prime factors of 68/5 - (-16)/j.
2, 7
Let t(h) be the second derivative of -h**4/12 + 23*h**3/6 + 23*h**2/2 - 16*h. List the prime factors of t(12).
5, 31
Let j be 1*6/(-4)*-8. Let o = j + 0. List the prime factors of (-16)/40 - o/(-5).
2
Let i(d) = -5*d**3 - 9*d**2 + 18*d - 29. List the prime factors of i(-8).
1811
Let u = 2314 + -1002. List the prime factors of u.
2, 41
Let o be (-122)/(-2*(-3)/30). Let g = 888 + o. List the prime factors of g.
2, 139
Suppose -l + 304 = -106. List the prime factors of l.
2, 5, 41
Let m(a) = 6*a**3 + 4*a**2 + 9*a - 17. List the prime factors of m(4).
467